etermine j(1).
-4
Let a be (2 + -1 - 2)*(-5 - 0). Let b(h) = h**2 - 2*h + 4. What is b(a)?
19
Suppose 0 = 5*c + 5 - 15. Let l(d) = -d**3 + 5*d**2 + 2*d - 3. Let y(t) = 2*t**3 - 11*t**2 - 3*t + 7. Let r(j) = c*y(j) + 5*l(j). What is r(3)?
11
Let t(l) = -6*l + l**2 - 3*l + 5*l - 8. Calculate t(6).
4
Let i(c) = 6*c**2 + 4*c + 3. Suppose 40*j = 37*j - 6. What is i(j)?
19
Let c(v) = v. Let s(b) = -5*b - 2. Let l(n) = 6*c(n) + s(n). Let j be 16/5 - 8/40. Let h be (-3 - 0)/(j/(-5)). Give l(h).
3
Let y be (-1)/(-3) - 14/(-3). Let x(l) = -l**2 + 4*l + 5. Let v be x(y). Let o(q) = q**3 + q**2 + q + 3. Calculate o(v).
3
Suppose 0 = 2*u - 4*u + 8. Let b = 0 + u. Let g(i) = -b*i**3 - i**3 - i**2 + i**3. Calculate g(1).
-5
Let b(j) = 4*j**2 + j - 2. Suppose 9*y - 14*y + 10 = 0. Determine b(y).
16
Let d(h) = h**2 - 4*h**3 + 0*h**2 - 2*h**2. Suppose -4*k - b = -k + 2, 0 = -5*k + 5*b + 30. Determine d(k).
-5
Let h(i) be the first derivative of -i**2/2 - 14*i - 33. Calculate h(-6).
-8
Suppose -4 = -2*a - 4*t, 3*a = 4*t - 0*t + 6. Suppose -d = 3*d + 20, 0 = 5*j - d - 25. Let y(c) = 2*c - 1 + j*c - 4*c + 2. Calculate y(a).
5
Suppose 4*x = -16, -1 = -z + 2*x - 3. Let q = z - -5. Let b(r) be the first derivative of r**3/3 + 3*r**2/2 - 6*r - 1. Give b(q).
4
Let k = -150 - -149. Let v(w) = -17*w + 1. Calculate v(k).
18
Let k(g) be the third derivative of 0*g - 1/12*g**4 - 1/60*g**5 + 1/6*g**3 + 10*g**2 + 0. Give k(3).
-14
Let i = -24 - -26. Let y(t) be the third derivative of -1/6*t**4 - 1/2*t**3 - 1/30*t**5 + 0*t - 3*t**i + 0. Determine y(-2).
-3
Let w(i) = i**2 + 11*i + 4. Let t(v) = 4*v**2 + 34*v + 11. Let c(a) = -2*t(a) + 7*w(a). Calculate c(8).
14
Let h(f) = 10*f**2 + 3*f - 1. Let b(l) = -11*l**2 - 4*l + 1. Let x(o) = -2*b(o) - 3*h(o). What is x(1)?
-8
Let b be ((-8 + 4)/(-2))/(-2). Let h(w) be the third derivative of w**6/60 + w**5/30 + w**4/24 + w**2. What is h(b)?
-1
Let u = -19 - -16. Let c be u*(-3 + 3 + -1). Let i(h) = h**3 - 3*h**2 - 2*h. Give i(c).
-6
Let b = 59 - 54. Let g(o) = o**2 - 6*o. What is g(b)?
-5
Let m(a) be the third derivative of a**6/120 - a**4/24 + 7*a**3/6 + 19*a**2. Let d(g) = g**2 - 4*g + 3. Let i be d(3). Calculate m(i).
7
Let k(p) = p**2 + 4*p - 6. Suppose -5*z + 110 = 2*f, f = -5*z - 2*f + 115. Suppose 0 = -3*j + 2*a - a - 20, 5*j = -a - z. Calculate k(j).
-1
Let p(s) = -s + 1. Let m(v) = 2*v - 1. Let y(l) = 2*m(l) + 3*p(l). Give y(-4).
-3
Let t(l) = l**3 + l**2 + 2*l + 2. Suppose -p = w - 8, -5*p + 0*w + 34 = 3*w. Suppose -c - 12 = p*c. Give t(c).
-6
Let z(d) = 2*d + 6. Let h be z(-6). Let g = h - -2. Let j(m) = 4*m - 1. Let t(n) = -n + 1. Let y(v) = -j(v) - 3*t(v). Give y(g).
2
Let d(y) = -y**3 - 2*y**2 + 2. Let m be d(-2). Let i(v) = -1 + 2*v**3 + v**3 - v**3 + 2*v**m. What is i(1)?
3
Let c(v) = -3*v - 11. Let o(h) = 5*h + 22. Let d(u) = 7*c(u) + 4*o(u). Let l = 1 - 1. Determine d(l).
11
Let d(t) be the first derivative of -t**5/120 - t**4/8 - 4*t**3/3 - 3. Let v(r) be the third derivative of d(r). Give v(-5).
2
Let r(k) = k**3 + 2*k**2 + 3*k - 8. Let x(i) = -i**3 - i**2 - 2*i + 8. Let q(w) = -2*r(w) - 3*x(w). Determine q(0).
-8
Let u(f) = f**2 - 2*f + 1. Let x be 2/5 + (-66)/15. Let c = x + 2. Let b be 14/21*(-9)/c. Calculate u(b).
4
Let j(u) be the second derivative of 1/2*u**2 + 0 + u + 1/6*u**3 - 1/6*u**4. Give j(-1).
-2
Let y(v) = -v - 1. Let g = 2 + 8. Let f = 4 - g. Let c(i) = i + 1. Let p be c(f). Determine y(p).
4
Let c(v) = -9*v + 1. Suppose -2*w - 8 = -6*w. Suppose 1 - w = -l. Give c(l).
-8
Let a(m) = -2*m - 4. Let j(d) = d**3 - 11*d**2 + 12*d - 15. Let g be j(10). Let t be 22/g - (-14)/(-35). Suppose 3*z - 16 = -5*v, t*v = v + 15. Calculate a(z).
2
Suppose 0*f = -f. Let u(p) be the first derivative of f*p**2 + 0*p + 2*p + p**2 + 1. Give u(-4).
-6
Let p(s) = -4*s + 1. Let m(q) = -5*q - 2. Let j be m(0). Determine p(j).
9
Let c(l) = -6*l**2 - 2 - l**3 + 5 + 4 + l. Let g be (1/2)/((-2)/24). Let k be c(g). Let x(v) = -4*v. Determine x(k).
-4
Let q(m) = -m**3 + 3*m**2 + 4*m + 1. Let a be 2 + 5/(-3) + (-66)/(-18). Calculate q(a).
1
Let y(d) = -10*d + 3. Suppose -2*u = 3*t + 6 + 12, 0 = 3*u + 9. Let c(x) = -x + 3. Let k be c(4). Let o(l) = l. Let z(i) = k*y(i) + t*o(i). Calculate z(2).
9
Let g(r) be the first derivative of -r**3/3 - 7*r**2/2 - 3*r - 4. Determine g(-6).
3
Let q(g) = g + 0 + 1 + 1 - 4*g - g**2. Let m be q(-5). Let j = m - -3. Let r(n) = n**2 + 5*n + 5. What is r(j)?
5
Let t be -8*(-3)/(-18)*-6. Let x(u) = -u**3 + 7*u**2 + 8*u + 5. Give x(t).
5
Let a = 10 - 3. Let d(t) = -t**3 + 8*t**2 - 6*t - 7. Determine d(a).
0
Suppose 4*l + 0 + 4 = 0. Let d be l/2 - (-15)/(-6). Let o(p) = p + 6. Let n be o(d). Let a(r) = r**3 - 2*r**2 - 3. Calculate a(n).
6
Let k(c) be the second derivative of c**3/6 + 11*c**2/2 + c. Let z(d) = -5*d**3 - d**2 - d + 2. Let y be z(1). Determine k(y).
6
Let h(w) = 2*w + 13. Let c(d) = d + 7. Let n(t) = -7*c(t) + 4*h(t). What is n(-2)?
1
Let p(h) = h**3 - 4*h**2 - h - 4. Let n = 45 - 25. Suppose n = 2*r + 3*r. Give p(r).
-8
Let j(h) be the second derivative of h**4/12 + h**3/2 - 5*h**2/2 - h. What is j(-5)?
5
Let u(c) = -3*c**2 + c - 11. Let i(f) = 2*f**2 - 2*f + 10. Let n(o) = -4*i(o) - 3*u(o). What is n(-6)?
-1
Let n(u) = u**2 - u - 2. Let s = 7 - 5. Suppose s*w + 2 = -2. Calculate n(w).
4
Let i(f) = -f + 2. Let b = -16 + 22. Let x(g) = -g + 2. Let d(w) = -w + 2. Let z(u) = b*x(u) - 5*d(u). Let y(t) = -5*i(t) + 6*z(t). Calculate y(-2).
4
Let t(n) = -2*n + 131 - n**3 + 5*n**2 - 131 - 2*n. Determine t(4).
0
Let p(y) be the second derivative of -2*y**2 + 0 - 1/12*y**4 - 5/6*y**3 + y. Let w be p(-5). Let o(s) = s + 4. Give o(w).
0
Suppose -3*l + 46 = 3*o - 2, -3*l + 2*o = -43. Suppose -4*y = y + l. Let b(p) = -4*p - 1. Let h(w) = 2*w - 3. Let m(v) = b(v) + h(v). Calculate m(y).
2
Let t(m) = -m**2 + m - 1. Let c(i) = -i**2 + i - 1. Suppose 13*w - 7 = 6*w. Let f(p) = w*c(p) - 2*t(p). Give f(-3).
13
Let z(u) = 4*u**2 - 8*u - 2. Let o(r) = r**2 - 3*r - 1. Let q(t) = -7*o(t) + 2*z(t). Give q(-3).
-3
Let l(h) = h**2 + 4. Suppose 0 = -4*u + t + 20, -6 - 10 = -5*u - t. Suppose -3*w - u*q + 13 - 35 = 0, 2 = 5*w - 3*q. Let v be 1/(4 + w)*0. What is l(v)?
4
Let c(t) = 11*t**2 + t - 13. Let i(k) be the third derivative of -k**5/15 + 2*k**3/3 - k**2. Let n(v) = 3*c(v) + 8*i(v). What is n(-5)?
3
Let b(j) be the second derivative of -j**4/12 + 11*j**3/6 - 3*j**2 + 2*j - 14. What is b(4)?
22
Let b(r) be the first derivative of -r**3/3 - 9*r**2/2 + r + 1. Calculate b(-7).
15
Let a = 12 - 7. Let u(z) = -z - 2. Calculate u(a).
-7
Let z(c) be the second derivative of -c**5/60 - c**4/12 + c**3 - 6*c. Let k(d) be the second derivative of z(d). Give k(2).
-6
Let q(i) = 3*i**2 + 14*i + 6. Let w(o) = o**2 + 5*o + 2. Let c be (-166)/10 - 4/10. Let y(p) = c*w(p) + 6*q(p). Calculate y(0).
2
Let l(a) be the second derivative of 17*a**3/6 - 7*a**2/2 + 8*a. Let h(y) = -16*y + 6. Let p(q) = -6*h(q) - 5*l(q). Determine p(1).
10
Let r(t) = 14*t**2 - t - 1. Suppose 0*x - 2*x = 2. Calculate r(x).
14
Let b(c) = c**3 - 6*c**2 + 5*c. Let x be b(5). Let n be 4*((-1)/(-2) + x). Let i(j) = 52*j + j**3 - 2*j**2 - 53*j + j**2. Give i(n).
2
Let b(i) = -4*i - 16*i + 3 + 21*i. Determine b(7).
10
Let v(l) = -l**2 - l + 12. Suppose 0 = -4*x + t, 9*t = -2*x + 4*t. Calculate v(x).
12
Let y(u) = 1034*u**2 + 1 - 519*u**2 - 525*u**2 + 2*u. Determine y(-1).
-11
Let v(g) = 1. Let j(a) = -a**2 - 6*a + 4. Let c(r) = -j(r) + 5*v(r). Suppose 13*i = 12*i - 6. Determine c(i).
1
Let z(x) = 24*x + 24. Let c(w) = -11*w - 12. Let l(k) = 13*c(k) + 6*z(k). Give l(0).
-12
Let g(j) = j + 2. Let i be (-2 + 2 - -2)/(-1). Determine g(i).
0
Let g(f) = -10*f - 3. Let h(j) = -3*j + 4*j + 1 + 2*j. Suppose 4*u - 3*u + m = -4, -2*m = -4*u - 40. Let z(k) = u*h(k) - 3*g(k). What is z(-1)?
-5
Let v be 2/(-4) + 15/6. Let x(n) = 3*n**2 - 13*n**2 + 4*n + 9*n**v - 1. Determine x(3).
2
Let a(w) be the first derivative of -w**5/30 - w**4/24 + 2*w**3/3 + 2. Let t(q) be the third derivative of a(q). Calculate t(-2).
7
Let c(u) = 6*u. Let j(z) be the second derivative of z**4/12 + 3*z**3/2 - 11*z**2/2 + 4*z. Let l be j(-10). Calculate c(l).
-6
Let o(g) = 5 + 53*g + 2*g**2 - 57*g - 3. Determine o(2).
2
Let x(y) = -6*y. Suppose 2*w + 5 - 7 = 0. Give x(w).
-6
Let o(m) = 2*m**2 - m**2 